- 1 = -3*g, -g + 2*g - 5*b = -28. Determine k(g).
-8
Let t = 14 + -12. Let p(b) = -5*b + 0*b - 5*b**t + 3 + 6*b**2. Give p(4).
-1
Let w(j) = -7*j**2 + j + 1. Let g = 37 + -38. Calculate w(g).
-7
Let i(g) = 7*g - 3 - 2*g - 9. Give i(8).
28
Let i(y) = -2*y**3 - y - 3. Let d(v) = -v**3 + v**2 - 2. Let j(b) = -3*d(b) + 2*i(b). Determine j(-2).
0
Let q(h) = -h. Let w = 4 - 3. Let f(n) = n**2 - 10*n + 6. Let c(g) = w*f(g) - 4*q(g). What is c(5)?
1
Let x = 13 + 5. Suppose 3*h + x = 3*z, -5*h - 3 = 2. Let s(a) = 6 + 5 - a + 1 - 3. Determine s(z).
4
Let t(p) = 0 - p**2 - 2 - 8 - 6*p + 5. Suppose 2*f + 0 = 4*m - 20, 0 = f + 4*m - 8. What is t(f)?
3
Let k(y) = y**2 - 5*y + 6. Let c be k(4). Let n(o) = 4*o - c*o - 3*o. Suppose 3*d = 13 - 4. Determine n(d).
-3
Let a be 5 - 2 - (2 + -1). Suppose 2*z + a*z = 12. Let x(l) = 5*l - 4. Calculate x(z).
11
Let b(s) be the second derivative of -5*s**3/6 + s**2/2 - 8*s. Let p be b(1). Let j(h) = h**2 + 6*h + 3. Give j(p).
-5
Let n(a) = 5*a**2 - 26*a + 1. Let j = 4 + 1. Let c(d) = -3*d**2 + 17*d - 1. Let q(i) = j*n(i) + 8*c(i). Determine q(-6).
-3
Let k(b) = -9*b**3 - 2*b**2 + 1. Let d = -23 + 22. Calculate k(d).
8
Let l = 4 - 1. Let i(m) be the first derivative of -m**2/2 + 1. Calculate i(l).
-3
Let t(q) = 3*q**2 + q - 2. Let n = 14 - 8. Suppose -2*j = -g + n, 3*j + g = 2*j. What is t(j)?
8
Let q(v) = -v**2 - 3*v + 2. Let b be (-33)/6*(-1 - 1). Suppose 2*i = -2*i - 2*t - 26, -4*i + 3*t - b = 0. Calculate q(i).
-8
Let m(b) = 4*b**3 - 3*b**2 - 3*b - 1. Let g(w) = 3*w**3 - 4*w**2 - 4*w - 1. Let x(d) = -3*g(d) + 4*m(d). Give x(1).
6
Let q(x) = -8 + 3 + 2*x + 3 - x. What is q(8)?
6
Let x(p) = -1. Let j(y) = y - 1. Let t(o) = -3*j(o) + 4*x(o). Determine t(2).
-7
Let j = -80 + 75. Let i(d) = d**3 + 5*d**2 - 2*d + 2. Determine i(j).
12
Let c be (-3 - -2)/(2/(-6)). Let l(z) = -7*z**2 - 4*z + 5*z**2 + 1 + 4*z**2 - c*z**2. Give l(-4).
1
Let g(l) = -l**2 + 4. Let h be g(-3). Let z(a) be the second derivative of a**3/6 + 5*a**2/2 - 4*a + 18. What is z(h)?
0
Let b(h) = -5*h**3 - 7*h**2 + 2*h. Let z(k) = -6*k**3 - 7*k**2 + k + 1. Let m(l) = -7*b(l) + 6*z(l). Let y = 0 + 6. Give m(y).
-6
Let p(x) be the second derivative of -x**4/12 - 2*x**3/3 + x**2 - x. Let c be p(-5). Let v(g) = 28*g**2 - 65*g**2 + 2*g - g**3 + 36*g**2 + 1. Determine v(c).
13
Let q be (2 - (-24)/(-21))*7. Let n(f) = f**2 + 9 + f**3 + 3*f - 2*f**3 - q. What is n(3)?
-6
Let f(y) = -3 + 7*y**2 + y**3 + 13*y**2 + 5*y + 13*y**2 - 38*y**2. Give f(5).
22
Let r(x) be the third derivative of -x**6/360 - x**4/12 - x**2. Let a(o) be the second derivative of r(o). What is a(-2)?
4
Let j(u) = 0*u - u + 6*u**2 + 3*u**3 - 7 - 2*u**3. Suppose 3*x + 33 = -0*x - 5*c, 3 = x - 3*c. Give j(x).
-1
Let c(b) = b**3 + 2*b + 1. Let a be 2*(-2)/6 + (-8)/6. Give c(a).
-11
Suppose -4*t - 12 = 4*j, 2*t + 2*t + 14 = -2*j. Let r(s) = -s**3 + 2*s**2 + 6*s + 3. Let l(z) = -z**3 + z**2 + z + 1. Let a(m) = -4*l(m) + r(m). Give a(j).
2
Let c = 1 - -1. Suppose 7*r + 25 = c*r + 5*u, -5*r - 15 = -3*u. Let v(b) = 6 + 5*b**2 - 3 + r + b**3. Calculate v(-5).
3
Let j(d) = -d - 9. Let q be j(-13). Let s(h) = -2*h + 4. What is s(q)?
-4
Let a(b) be the first derivative of -b**3 - b**2/2 - b - 17. Let c be (-5 - 0)*12/(-20). Suppose -x - 4 = -c. Calculate a(x).
-3
Let c(b) = -b - 1. Let z(f) = -f + 2. Let u be z(0). Suppose g + 3*y + 4 = 0, 8 = -0*g - u*g + 3*y. Determine c(g).
3
Let k(w) = -4*w**3 + w**2. Let x(h) = -h + 3 - 1 + h**3 - 4*h + 5*h**2. Let r be x(-6). Let t be 1/3 - r/6. What is k(t)?
-3
Let k be (-1 - 3) + 2 - -6. Let z(c) = -c**3 + 3*c - k*c**2 + 0*c**3 + 0 + 2. Calculate z(-4).
-10
Let o(g) = -g**3 + 6*g**2 + 8*g - 5. Suppose -4*b = -3*b - 7. Give o(b).
2
Let n(h) = h**3 + 10*h**2 - 3*h - 8. Let b(y) = y**3 + 9*y**2 - 2*y - 8. Let z = 7 - 5. Let a(j) = z*n(j) - 3*b(j). Calculate a(-7).
8
Let n = 2 - -1. Let z(r) = 5*r + 3. Let q(s) = -4*s - 2. Let c(v) = -4*q(v) - 3*z(v). Calculate c(n).
2
Let r(y) = -y**2. Let o(h) = -10*h**2 + 2*h + 1. Let a(i) = o(i) - 5*r(i). Suppose 4 = -3*t - 2*n - 7, 0 = 3*t + 3*n + 15. Give a(t).
-6
Let h(q) = 13*q - 2*q + 0*q. Let z(m) = -m + 4. Let f = -9 + 14. Let b be z(f). Calculate h(b).
-11
Suppose -2*p - u + 6*u + 11 = 0, -p - 1 = 4*u. Suppose 4*f + 16 = -p*s, 2*f = 2*s - 5*s - 14. Let b(k) = -7*k**3 - k**2 + k + 1. Calculate b(f).
6
Let r = 21 - 18. Let d(b) = -2*b**3 + 1 - 2*b**3 + 2*b**3 + b - r*b**3. Give d(-1).
5
Let p(q) be the first derivative of 2*q**3/3 - 2*q - 16. Determine p(2).
6
Let q = -37 + 41. Let j(x) be the second derivative of -1/4*x**q - x + 0 + 2/3*x**3 - 1/20*x**5 + 2*x**2. Calculate j(-4).
4
Let i(n) = n - 25 + 44 - 25. Give i(6).
0
Let i(t) = t + 1. Suppose 5*s - 13 = -5*g + 7, 0 = -g + 5*s + 4. Give i(g).
5
Let v(n) = 69*n - 2 - 34*n - 37*n. Calculate v(-4).
6
Suppose 0 = v - 2*v - 2. Let u(z) = -2*z - 3*z**3 + 5 - 4*z**2 + 2*z**3 - 4. Determine u(v).
-3
Let x be -1 - -3*(-12)/(-9). Let i(j) be the second derivative of j**2 + 1/12*j**4 + 0 - 5/6*j**3 - x*j. Determine i(5).
2
Let i(g) = g - 9. Let m be i(6). Let j(d) be the second derivative of d**5/20 + d**4/4 - d**3/6 + d**2/2 + d. Give j(m).
4
Suppose -2*m = -0 - 4. Suppose -m*p - 13 = -3. Let t(j) = 2*j - 5*j**2 - 2 - j**3 - 2*j. Determine t(p).
-2
Let a(m) = -2*m**2 + m - 2. Suppose 0 = 3*z + 6 - 21, -4*z = -3*b - 26. Calculate a(b).
-12
Let o(m) = -2*m - 36. Let p(h) = h + 17. Let f(u) = -6*o(u) - 13*p(u). Let x = 5 + -10. What is f(x)?
0
Let c(f) = 38*f**2 - 7*f + 0*f + 2 - 37*f**2. Determine c(6).
-4
Suppose -2 = -3*n + n. Let i = n - 1. Let m(t) = -5*t + i*t + 0*t - 5 + 2*t. Determine m(-4).
7
Let v = 15 - 18. Let b(q) = -4*q + 4. Determine b(v).
16
Let q(g) = -6*g + 1. Let k be q(-1). Let c(n) = n**3 - 8*n**2 + 7*n + 6. Determine c(k).
6
Suppose 19*i - 23*i + 24 = 0. Let x(a) = a**2 - 4*a - 7. Give x(i).
5
Let l = -3 + 3. Let w(o) be the second derivative of 1/6*o**3 - 1/12*o**4 - 7/2*o**2 - 2*o + 0. What is w(l)?
-7
Let c(f) = -f**3 + 5*f**2 - f - 1. Let p = 11 + -9. Suppose p*z = 2*g + 10, -5*g - 2 + 7 = z. What is c(z)?
-6
Suppose v = -3*k + 9, -3*v + 16 = 2*k + v. Let s(r) = -2 - 4*r + 0*r - 2*r + r**k. Determine s(6).
-2
Let m(w) = -5*w**2 + 15*w + 2. Let f(c) = -c**2 + c + 1. Let h(d) = 6*f(d) - m(d). Determine h(-6).
22
Let w = 61 - 63. Let y(v) = -8*v + 2. Calculate y(w).
18
Let z(i) = -3*i**2 + 9*i - 12. Let f(h) = -h**2 + h - 1. Let m(s) = 2*f(s) - z(s). Suppose 5*c + 3*b - 26 = 0, 4*b - 3*b + 3 = 0. What is m(c)?
10
Let c(v) = v + 1. Let t be 3*(0 + 3/((-9)/6)). What is c(t)?
-5
Suppose -12 = -7*c + 9*c. Let a(h) = 5*h**2 + 9*h - 11. Let k = -2 - 2. Let x(b) = -b**2 - b + 1. Let p(y) = k*x(y) - a(y). What is p(c)?
1
Let f(o) = -1 - 2*o - 3*o + 5. Let i(t) = t**2 + 6*t + 3. Let v be i(-6). Determine f(v).
-11
Let g(b) = -3*b**2 - 14*b + 7. Let f be g(-5). Let q(i) = -2*i**3 + 1. Calculate q(f).
-15
Let m(k) = 2*k**2 + k - 2. Let u(w) = -w**2 - 6*w + 6. Let d be u(-6). Let h(t) = -t + 4. Let i be h(d). Determine m(i).
4
Let a(b) = -b**2 - 5*b - 4. Let z be a(-5). Let s(j) = j**3 + 5*j**2 - 2*j + 4. Let l(t) = 2*t**3 + 11*t**2 - 5*t + 9. Let k(d) = 2*l(d) - 5*s(d). Give k(z).
14
Let u(n) = -3*n + 6. Let s be (-2)/(-6) - (-17)/3. Let i be 1/(-1 - 0) + s. Calculate u(i).
-9
Let b(m) be the first derivative of -m**3/3 + 3*m**2 + 3*m + 4. Calculate b(5).
8
Let p be ((-8)/3)/(10/225). Let l be (12/(-10))/((-18)/p). Let d(w) = -5*w - 4. Let i(h) = 14*h + 11. Let s(g) = -8*d(g) - 3*i(g). Determine s(l).
7
Let b(t) = -7*t**2 - 3. Let g(k) = 8*k**2 + 4. Let m(u) = -7*b(u) - 6*g(u). Suppose 0*w = -2*w. Calculate m(w).
-3
Suppose 3*y + 0*y + 5 = f, f - 2*y - 2 = 0. Let g(m) = 2*m + 4. Give g(f).
-4
Let i(v) = -v**2 - 10*v - 7. Let k(l) = l**3 - 13*l**2 + 11*l + 2. Let b be k(12). Determine i(b).
-7
Let p(x) = -x**3 + 0 + 5*x**2 + x + 2 + 0*x**2. Suppose -4 = -4*s + 4. Suppose 3*z - 5 = s*z. What is p(z)?
7
Let f(q) = q**3 + 5*q**2 - 9*q - 2. Let h be -7 - (-4 + 1)/3. What is f(h)?
16
Suppose -2*h + 7 = -3, h + 95 = 5*m. Suppose 0 = 5*s - 0*s - m. Let k(l) be the second derivative of -l**5/20 + l**4/4 + l**3/2 - l**2 - l. Give k(s).
-6
Suppose 4*y = -6 + 38. Let j(p) = -p**2 + 6*p + 11. Give j(y).
-5
Let p(j) = -1 - j**2 - 4 - 4*j + 4. What is p(-6)?
-13
Let r(v) = 4*v - 6*v